24 - (-84 + 160 + -123)
-77
(-18 + 1 - (12 - 28 - -6)) + 84
77
What is the value of 57 - (-123 - (76 - 327))?
-71
Evaluate 31 + (-28 - -30 - 68).
-35
What is the value of -3 + (-118 + 138 - (17 + 2)) + -99 + 2?
-99
What is the value of -20 - (-49 + 11 + 29)?
-11
What is 19 + -29 + (4 - 5)?
-11
Evaluate 58 - (-20 + 1 - ((-53 - -23) + 29)).
76
What is the value of 178 + -110 + -65 + -6?
-3
What is the value of 42 - 0 - (-166 - -168)?
40
-20 - (-15 + 2 + 18 + 5 + -14)
-16
What is 14 + (84 - (-44 + 30 + -1))?
113
What is -367 - -369 - (4 + 5 + 6)?
-13
What is the value of 16 - (3 - -1) - (-241 + 226 - (0 + -81))?
-54
Evaluate -1 - 23 - (4141 + -4114).
-51
(5 + 98 - 239) + 45
-91
What is the value of 150 + -171 + (2 - -5 - -3)?
-11
Calculate 18 - (57 + (-20 - -32) + -23).
-28
What is the value of -16 - 1 - (115 + -94 + -84)?
46
What is the value of -59 - (-46 + 23) - (-14 + 22)?
-44
Calculate (-1 - -87) + (71 + (-10 - 128) - -62).
81
What is the value of (-25 - (6 + -7)) + (-395 - -393)?
-26
What is the value of (4420 - 4386) + (-1 - 7)?
26
Evaluate 6 + -22 + 7 - (-7 + -2) - 66.
-66
Calculate 12 + (53 + 31 - 47) + (-1 - 4).
44
Calculate 11 + (1 - 8 - -26 - 0 - 15).
15
What is the value of 1 + 53 - ((6 - -28) + -7 + -15)?
42
27 + (78 - (41 + 16))
48
Calculate (-4 + 1 - (-4 + -24 - -26)) + -5 + -4.
-10
What is the value of -1 - -43 - (-4 + -53 - -50)?
49
Evaluate -171 + 162 - (7 - (-37 + -7)) - 20.
-80
What is the value of (6 - (6 - 84)) + (0 - 2) + -749 + 737?
70
Evaluate -13 + 59 + -16 + (6 - 85).
-49
Evaluate 554 + -465 - (11 + 142).
-64
What is the value of 46 - (56 - (78 + -76))?
-8
Calculate -41 + 66 + 44 + -21 + 1.
49
Calculate -7 - (-59 + 6 + 6 + (29 - 50)).
61
What is the value of (-9 - ((10 - 6 - 98) + 19)) + -20?
46
What is the value of 4 + 15 + (-72 - (37 - 17 - 23))?
-50
What is the value of 40 + (0 - -16) + -25 - 98?
-67
-3 + 11 - (-74 + (11 - 19)) - 3
87
What is the value of -2 + (5 + -6 + -3 - (117 + -85))?
-38
Evaluate 459 + -345 - (124 + 2).
-12
What is 391 + -374 - ((2 - -2) + -20)?
33
What is the value of 74 + (1 + -14 - (383 - 370))?
48
Evaluate 25 - (-10 - ((-6 - 0) + 13 + -6)).
36
(-32 - (-7 + 0)) + (14 - (-134 - 19))
142
Calculate 5 - 0 - 1 - (168 + -117 - (24 - -40)).
17
What is -1 + 33 - (-38 + -8 + 161)?
-83
Calculate -354 - -401 - (4 + 29).
14
Evaluate -16 + (40 - (20 - 1)) - -90 - 4.
91
54 + (44 + -12 - 38)
48
(18 - 6) + 32 - (-335 + 326)
53
Calculate (-11 - -17 - -5 - 17) + (30 + 8 - -5).
37
Calculate 302 + -370 - (-17 - 43).
-8
What is the value of 68 - 37 - 14 - 25?
-8
Evaluate 1382 + -1357 + (-2 - (-4 + 6)).
21
What is 15 - (-25 + (41 - -23))?
-24
What is the value of 58 + 3 + 4 + (-60 + 70 - (1 + 6))?
68
What is (-8 - (13 + 11 + -25)) + 9?
2
-1218 + 1204 - (2 + 92)
-108
Calculate 18 - (-1 + (-13 + 18 - 3)).
17
Evaluate 33 - (-24 - (-31 + 38) - -57).
7
Calculate -6 + (1 - 0) + 80 + (24 - 55).
44
What is the value of -47 + 1 - (-110 + 124)?
-60
What is -14 + 0 + 9 + -8 + 26?
13
What is the value of (11 - (-22 - -31)) + 3 + -20?
-15
What is 0 + -17 + -1 - -5 - (182 + -193)?
-2
Evaluate (61 - (-14 + 91)) + 38.
22
(1021 - 1030 - (0 - (15 - 2))) + 10
14
What is the value of -14 + (20 - (-162 + 90))?
78
What is 17 + -45 + 9 - -6 - 20?
-33
Evaluate -58 + -9 + -530 + 639.
42
Evaluate -1 - -3 - (-17 + (8 - 48) + -6 + -1).
66
-33 - (-19 - -66 - 17 - 9)
-54
Evaluate 0 + -2 + 33 - (94 - (-3 + 89)).
23
What is (10 + -10 - 22) + 5 + -12?
-29
Calculate 11 + (1 - ((5 - 11) + 12 + -3)) + 12.
21
Calculate 1 + 4 - 3 - (-50 + 0 + -4).
56
1 + (0 + -19 - -7) - (13 + -119 + 47)
48
What is 70 - (22 - (12 - (-3 - -20)))?
43
What is (-6 - -1) + (1091 - 1159) + 2 + 52?
-19
What is the value of 57 + 61 + -37 - 131?
-50
What is the value of 61 - (35 - (-45 + 62))?
43
-4 + -102 - (3114 + -3216)
-4
Evaluate 3 - (53 + 13) - -56.
-7
What is the value of (709 - 712) + (6 - 0) - ((4 - -98) + 4)?
-103
-162 - -212 - (-8 + 81)
-23
Evaluate 13 - (73 + -60) - (3 + 1 + 8).
-12
-48 + 16 + 96 + -1
63
Evaluate -73 - (1 + -12 - (-33 - -23 - -8)).
-64
Calculate -1243 + 1238 + 0 + (-54 - -2) - -10.
-47
Calculate -13855 + 13901 - (14 + 0).
32
What is the value of 12 - 117 - (-136 + 81)?
-50
What is the value of (13 + 61 - 104) + -50 + -2?
-82
-145 - 116 - -234 - (-1 - -18)
-44
Calculate 19 + -19 + -17 + -1 - (1 - -4).
-23
Calculate (-48 - -50 - 21) + -21.
-40
Calculate 101 + -110 - -168 - 211.
-52
What is 0 - ((-14 - (12 + 16 + -29)) + 11)?
2
Evaluate -6 + 0 + 0 - (-17 + -81 - -105).
-13
Evaluate (-4 - 0) + (25 - (-20 - (-18 - -2))).
25
What is -12 - ((-109 - -56 - -65) + -113 + (3 - 1))?
87
Calculate 58 - (2 + -8 - (199 - 194)).
69
Evaluate (193 - 137) + -110 + 135.
81
-1 + -42 - (-16 + 55 + -25)
-57
Evaluate 15 - (61 - 76 - (-33 + -2) - -39).
-44
-90 + (-9 - (4 + -9 + -9 + -4 - 5))
-76
What is the value of 161 - (26 + (-62 - -49))?
148
What is (35 - -211) + -215 + (1 - -17)?
49
What is 3 + -29 + 39 + -21 + 0 + -6?
-14
Evaluate -132 - (124 + (151 - 264)).
-143
What is the value of -24 + -48 - -58 - (-25 - 0)?
11
Evaluate (11 - (3 + -3)) + 64 + (-93 - -24) - -46.
52
449 + -349 - (-2 + (3 - (3 + 1)) + -7)
110
What is 11 + 27 + -35 + -6 + (0 - 1) - -28?
24
What is (120 - 118) + (4 - (7 + -5))?
4
7 - ((15 - -33) + -20 + -9)
-12
What is (27 - 34) + 56 - 55?
-6
(1 + 4 - (6 - (-41 + -2))) + 554 + -568
-58
2627 + -2683 + (-2 - 21)
-79
What is the value of 15 + 1 + 146 + -154 + (0 - 73)?
-65
Calculate 87 - (46 + 35) - (-49 - -4 - (0 + 3)).
54
What is (-80 + 22 - -60) + -33?
-31
Evaluate -18 - (78 + (-58 - -5)).
-43
Evaluate 10 + (63 - 76 - -44).
41
Calculate 186 + -192 - (19 + -18 - (1 - 2 - 3)).
-11
-24 + ((-40 - -51) + 2 + -3 - 13 - 9)
-36
What is -43 + 18 + -42 + (-1 + (-8 - -4) - -13)?
-59
-12 + 29 + -43 + (11 - 0) - -75
60
Evaluate 61 - (-1 + -5 + (32 - 24 - -32) + -22).
49
24 + -3 + -39 + 26 + 21
29
What is the value of -15 + 19 + (-9 - (-19 + 1))?
13
Calculate -22 + 69 + -52 - 46.
-51
Calculate -2 + 22 - (13 + (-18 + (28 - 14) - 19)).
30
Evaluate (12 - 5) + -11 + -48 + (-1 - -13).
-40
Calculate 35 - (-57 - -43 - 0).
49
Calculate -1 + 10 + (0 - (-12 + (66 - 19) + 18)).
-44
What is 7 + -5 + -11 - (-27 + 11)?
7
Evaluate -21 - (-60 - -100) - (-2 - (2 + -3)).
-60
What is 12 - (-4 + 8) - (14 - ((63 - 9) + -16))?
32
Evaluate 4362 + -4395 + (-1 - -26).
-8
(33 - (-5 + -9)) + -25 - -6
28
What is the value of -19 + 22 + 10 + -32 + 11?
-8
Evaluate 1 + -8 + 21 + -4 + 19.
29
Evaluate (-431 - -397) + (-1 - 2).
-37
Calculate 50 - (-29 + (8 - ((17 - 18) + -7))).
63
370 - 490 - (16 + -85)
-51
Calculate -79 - (2937 + -2959 + -1 + 1 + 41).
-98
What is (9 - 26) + 38 - 10?
11
Calculate -129 + 254 - (1 - -3 - -30).
91
-32 + 35 + (33 - 5 - (-3 + -1))
35
What is the value of (-54 - (26 - 16)) + -13 + 16 + 6?
-55
What is the value of 182 - -9 - 182 - (-86 + 0 + -2 + 3)?
94
Evaluate 99 - 92 - (-9 - -3) - (8 + -5).
10
Evaluate (-2 - (-18 - 2)) + -142 + 228 + -77.
27
What is the value of -16 + (-12 - -17) + (8 + 12 - 27)?
-18
Calculate 25 - (85 + -49 + 1).
-12
Evaluate -2 - -1 - 13 - ((-73 - -116) + -112 + -15).
70
Calculate -25 - (-15 + -9 + 4 - -4).
-9
-23 + -2 + 1 + (54 - 64) + 13
-21
Calculate 13 + -29 + 18 + 34.
36
Calculate -33 + (31 - 3) + -51.
-56
What is the value of 19 + -43 - (27 + (-6 - 47))?
2
-64 - (-1 - (18 - (61 + -24)))
-82
Evaluate -71 - (-83 + (22 - 13)).
3
What is 11 - (-13 + 3 - (-122 - -97))?
-4
-3 + -21 + (93 - (-180 + 227))
22
199 + -150 + -21 + (-2 - -8)
34
-37 + (13 - (-85 - -98 - (-1 - -2)))
-36
What is (-51 - 14) + 40 + 88?
63
(0 - -64) + -47 + -3 + -16 + 69
67
What is the value of 21 - (33 - 12) - 10 - 7?
-17
What is 35 - 20 - (-2 - (-10 + -1))?
6
What is the value of -56 - (-5 + (-14 + 6 - (-42 - -25)))?
-60
Calculate 569 + -560 + 4 + 10 + -1 + -7.
15
What is the value of 79 + 1 + -2 + 20034 + -20026?
86
79 + -38 + 59 + -42
58
What is the value of 0 + 34 + -4 + (-18 - ((-48 - -12) + 17))?
31
What is the value of -12 + -45 + -26 + (25 - -2)?
-56
What is the value of (6 - -10 - (-201 - -182)) + 11 + (1 - 1)?
46
(55 - (119 - 90)) + -81
-55
Calculate (-13 + (-28 - -18) - -6) + -23.
-40
-6 + 7 - (4 - (2 + 1)) - (4 + -6)
2
What is the value of -10 + (99 - 46 - (-1 + -4))?
48
What is 50 + (1 - 2) - (24 + 64 + -83)?
44
125 - 139 - (26 + -31)
-9
Evaluate 2 + (0 + 1 - -